m. What is the remainder when m is divided by 6?
2
Suppose -5*l - 3*b + 221 = -0*b, l + 3*b = 37. Calculate the remainder when l is divided by 10.
6
Let j(f) = f**2 + 2*f. Calculate the remainder when 71 is divided by j(4).
23
Let y(x) = -10 + 0 - 3*x + 2. Let k = 3 - 9. Calculate the remainder when 28 is divided by y(k).
8
Let y = -13 - 0. Let m = -4 - y. Calculate the remainder when m is divided by 3.
0
Suppose 3*l - 5*l + 110 = 0. Calculate the remainder when l is divided by 19.
17
Let u(q) = 2*q - 2 + 1 + 13*q**2 + 0*q. Let w(f) = -41*f**3 - f - 1. Calculate the remainder when w(-1) is divided by u(1).
13
Let u = -19 + 32. What is the remainder when 3/(-1) - (-30 - 23) is divided by u?
11
Suppose 3*l + 2*l = 5. Calculate the remainder when l is divided by 1.
0
Let n(l) = 21*l**2 + l + 1. Let v be n(-1). Suppose -2*g + g + v = 0. Calculate the remainder when 60 is divided by g.
18
Let p(l) = 5*l**2 + 2*l + 1. Let g be p(-1). Suppose 0 = 3*z + z + 20, 4 = -4*t - g*z. Suppose -t*v + 74 = 2. Calculate the remainder when 53 is divided by v.
17
Let b(m) = m**3 + 3*m**2 - 2*m - 1. Suppose 0 = -3*x - x + 8. What is the remainder when b(x) is divided by 8?
7
Let w(s) = s**2 - 7*s - 5. Let h(x) = -x**3 - 3*x**2 + 5*x - 2. Calculate the remainder when h(-5) is divided by w(-2).
10
Let w(i) = 4*i + 3. Let t be w(-7). Let s = 41 + t. What is the remainder when s is divided by ((-2)/(-3))/(1/9)?
4
Suppose 3*k + 0*a - 201 = -3*a, -k + 4*a = -62. Calculate the remainder when k is divided by 17.
15
Let j(o) = o**3 - 7*o**2 - 12*o + 2. What is the remainder when j(9) is divided by 19?
18
Calculate the remainder when ((-2)/(-3))/((-7)/(-504)) is divided by 17.
14
Let o(j) = 12*j - 3. Suppose 34 = 2*p - 2*h, -2*h + 3*h + 65 = 5*p. Calculate the remainder when o(4) is divided by p.
9
Let i = -16 - -32. Suppose v + 0*v - i = -3*t, -5*t + 10 = 5*v. Suppose 36 = 4*h + 3*n, -3*h - 4*n - 2 = -22. Calculate the remainder when h is divided by t.
5
Let z(l) = l**2 - 9*l - 8. Let o be z(10). What is the remainder when 73 is divided by (0 + 1)/(o/38)?
16
Let o = 37 + -21. Calculate the remainder when o is divided by 10.
6
Calculate the remainder when 65*(-3)/(-3) - -3 is divided by 23.
22
What is the remainder when 67 is divided by 70/4 + (-4)/8?
16
Suppose 2*i + 8 = 3*i. Let g(t) = 2*t + 6. Let x(b) = 1. Let y(f) = -g(f) + 5*x(f). What is the remainder when y(-7) is divided by i?
5
Let z(d) = 8*d - 2. Let r be z(2). Let o = r - -20. What is the remainder when o is divided by (-6)/(-3*(-4)/(-24))?
10
Let a = 3 - -2. Let b(j) = -j**3 + 4*j**2 + 6*j + 2. Calculate the remainder when 11 is divided by b(a).
4
Let i(l) = -l**2 - 7*l - 1. Let o be i(-7). What is the remainder when 16 is divided by (o/(-2) + 1)*6?
7
Calculate the remainder when (-2*1*1)/(6/(-21)) is divided by 4.
3
Let s = 10 + -3. Let f = 30 - s. What is the remainder when f is divided by 12?
11
Suppose 0 = -6*u - 9 + 69. Calculate the remainder when 29 is divided by u.
9
Let r = 2 - -1. Calculate the remainder when r/(-2)*-11*2 is divided by 9.
6
Let u = 13 + -14. Calculate the remainder when 22 is divided by u/(-4) + (-62)/(-8).
6
Let l(b) = -2*b + 7. Let y be l(5). Calculate the remainder when (19/(-2))/(y/18) is divided by 15.
12
Let a = -17 - -35. Let x = a - 1. Calculate the remainder when x is divided by 10.
7
Let u = 46 + -17. Suppose 5*d - 2*o - 95 = 0, 3*d + o = d + u. What is the remainder when d is divided by 10?
7
Suppose 3*r = 17 + 22. Suppose g + 55 = 2. Let j = g - -90. Calculate the remainder when j is divided by r.
11
Suppose -1 = 5*g + 4. Let c be (9/(-6))/(g/2). Suppose f = c*f - 46. What is the remainder when f is divided by 6?
5
Let h(i) = i**2 + 5*i + 6. Let g be h(-5). Suppose k - 2 - g = 0. Calculate the remainder when k is divided by 5.
3
Let w(h) = -h**2 - 6*h + 1. Let b be 104/18 + 2/9. Let u(k) = -k**3 + 5*k**2 + 9*k - 7. What is the remainder when u(b) is divided by w(-5)?
5
Let b = -45 - -64. What is the remainder when b is divided by 5?
4
Let q(i) = -i**3 + 4*i**2 + 7*i - 2. Calculate the remainder when 76 is divided by q(4).
24
Let l = 3 + 40. Suppose 5*m - 2 = -3*v + l, -v + 5*m = -15. What is the remainder when 43 is divided by v?
13
Let v = 0 - 6. Let z be 248/v + (-1)/(-3). Let y = z - -61. Calculate the remainder when 59 is divided by y.
19
Let a(l) be the first derivative of -17*l**2/2 - l + 2. Calculate the remainder when ((-15)/4)/((-2)/16) is divided by a(-1).
14
Suppose 2*h - h - 3 = 0, 4*q + 2*h = 122. Calculate the remainder when 115 is divided by q.
28
Calculate the remainder when 47 is divided by (6/(-8))/((-2)/24).
2
Let v(g) = 22*g + 4. Let j(u) = 23*u + 4. Let d(z) = 3*j(z) - 4*v(z). What is the remainder when d(-4) is divided by 19?
15
Suppose a - 42 = 2*a. Let v = -25 - a. What is the remainder when v is divided by (2 - 3)/((-2)/12)?
5
Let l = -179 - -191. What is the remainder when 25 is divided by l?
1
Let z = -4 - -8. Suppose 5*g - 10 = z*g. Let m = -23 + 27. What is the remainder when g is divided by m?
2
Let p(x) = -x**2 - 4. Let j be p(0). Calculate the remainder when j/22 + (-136)/(-22) is divided by 2.
0
Let h = -83 + 109. Suppose -5*v + 39 = -31. Calculate the remainder when h is divided by v.
12
Suppose -2*b = 4*k - 20, -4*k = 6*b - 2*b - 32. Suppose 2*q = 5*h + 58 - 19, -64 = -4*q - 4*h. Calculate the remainder when q is divided by b.
5
Let d be -1 + -18 - (-2)/(-2). Suppose -4*x = -7*x + 21. Calculate the remainder when (-56)/16*d/x is divided by 3.
1
Suppose 3*b - 2*b = -75. Let s = 14 + -8. Calculate the remainder when (-8)/10*b/6 is divided by s.
4
Let b(n) = -n**3 - 13*n**2 - 17*n - 13. What is the remainder when b(-12) is divided by 8?
7
Suppose t + 4 = 0, 2*t = -3*k + 7*t + 74. Let n(b) = -2 + 2*b**2 + 3*b**2 + 0*b**2 + b**2. What is the remainder when n(-3) is divided by k?
16
Let o be (3/6)/1*2. Let a be (-4 - o)*140/25. Calculate the remainder when 6/21 - 1084/a is divided by 20.
19
Let s(j) = -j + 3. Let a be s(-7). Let o = -3 + a. Let g = -42 - -61. What is the remainder when g is divided by o?
5
Suppose 0 = -2*q + 2*y + 84 + 132, q = -2*y + 99. Calculate the remainder when q is divided by 18.
15
Let s = -3 + 41. What is the remainder when s is divided by 10?
8
Suppose -2*z = -7*z + 10. Suppose -s + 4 = -4*v + z, -4*s - 5*v = -8. Calculate the remainder when 6 is divided by s.
0
Suppose -23 = 2*p + 49. Let s = p + 64. What is the remainder when s is divided by (-11 - -11) + 10 + 0?
8
Calculate the remainder when 52 is divided by (1/1)/(11/121).
8
Let u(f) = -11*f - 17*f + 2*f. Let b be u(-1). What is the remainder when 6/9 + b/6 is divided by 2?
1
Suppose 83 = 4*b - y, -4*y - 31 - 28 = -3*b. What is the remainder when b is divided by 9?
3
Let s be 2 - (-5 + 2 - -3). Let o be (s - -10)*34/3. What is the remainder when 54 is divided by o/10 + 10/25?
12
What is the remainder when 153 is divided by 13*(-1 + (3 - -1))?
36
Suppose 2*g - 3*g = -5. What is the remainder when g is divided by 10/4 + (-2)/4?
1
Let c = 3 + -1. Suppose 10 = 2*h - c*p + 2, 2*h + 8 = -2*p. Suppose 0*l + l - 8 = h. What is the remainder when l is divided by 5?
3
Let w = -92 + 159. Suppose t = -4*g - 14, t - g - 10 = g. Suppose l + 95 = 4*d - 0*d, 0 = -5*d + t*l + 121. What is the remainder when w is divided by d?
21
Suppose 5*s - 17 = 3. Suppose f - 3*i - 34 = -0*f, 0 = -s*i - 8. Suppose -3*q = 0, 2*q = j + q - 10. Calculate the remainder when f is divided by j.
8
What is the remainder when 219 is divided by (-2170)/(-49) + (-6)/21?
43
Let w = 10 + 2. Suppose c = -2*c + w. What is the remainder when 1 - (2 - -1)*-3 is divided by c?
2
Suppose -9*d + 4*d = 15. Let i = d + -4. What is the remainder when 18 is divided by 3 - (-3)/((-3)/i)?
8
Calculate the remainder when (-5)/(200/(-3016)) - 3/(-5) is divided by 13.
11
Let x(u) = u**3 + 16*u**2 + 28*u + 16. Calculate the remainder when 40 is divided by x(-14).
8
Suppose 0*g - 4*g + 11 = 5*q, 3*g + 2*q - 10 = 0. Suppose -4*j + 92 = 2*b, 2*j - g = -0*j. Suppose b = 3*s + 9. Calculate the remainder when s is divided by 6.
5
Let n be -3 + 3/(-3) - -8. Suppose 2*x - 6 = n. What is the remainder when 27 is divided by x?
2
Suppose -a = -45 + 14. Calculate the remainder when a is divided by 1*3*(-11)/(-3).
9
Suppose 2*r - 4*r